by 2.
0
Suppose 0 = q - 2 + 5, d - 5*q = 152. Let a(y) = y**2 + 43*y + 195. Calculate the remainder when d is divided by a(-39).
20
Let v(f) = -f**2 + 2*f + 335. Calculate the remainder when v(12) is divided by 18.
17
Suppose -47*h = -2*i - 45*h + 28140, -42259 = -3*i - 4*h. Calculate the remainder when i is divided by 88.
85
Let s(k) = k**3 + 5*k**2 - 2*k + 4. Let c be s(-4). Suppose -4*p - 148 = -c. Calculate the remainder when 15 is divided by 1 + (p/(-5) - 1).
3
Suppose 330 = 3*b - 3*x, -1134*x = 2*b - 1139*x - 217. What is the remainder when 128 is divided by b?
17
Suppose 0*w = 5*w + 5*r - 25, w - 4*r - 30 = 0. Let s = -26 - -22. Calculate the remainder when 10/s*238/(-35) is divided by w.
7
Let j(d) = 6*d. Let n be j(7). Suppose -38*c + n*c - 20 = 0. Suppose -c*l + 8*l - 5*o - 53 = 0, l = -o + 15. Calculate the remainder when 190 is divided by l.
14
Let u = 274 - 404. What is the remainder when 126 is divided by -96*((-4)/(-10))/(156/u)?
30
Let g(b) = 186*b**2 + 74*b + 156. What is the remainder when g(-2) is divided by 25?
2
Suppose k + 10*i = 14*i + 6, 0 = -i. Calculate the remainder when 64 is divided by ((-3)/k + 1)/((-16)/(-2016)).
1
Calculate the remainder when 9177 is divided by ((-306)/(-4))/(-51)*10*-1.
12
Let b(i) = i**3 + 22*i**2 - 34*i - 2. Let r = -454 - -490. Calculate the remainder when b(-23) is divided by r.
35
Let m(o) = 3*o**2 - 301*o + 3311. What is the remainder when m(11) is divided by 73?
71
Let d(z) = z + 2. Let i = -18 - -25. What is the remainder when 28*(-39 - (-12584)/308) is divided by d(i)?
7
Suppose -6*a + 90 = -3*a. Let m = -1110 - -1182. Calculate the remainder when m is divided by a.
12
Let l(i) = i + 1. Let u(z) = -z - 2. Let g(c) = -6*l(c) - 5*u(c). Let j be g(-3). Let a(m) = 14*m - 15. Calculate the remainder when a(j) is divided by 12.
11
Suppose s + 231 = -2*c, 18*c + 233 = -s + 15*c. Let y = s - -266. Calculate the remainder when 122 is divided by y.
5
Let l(d) = 16*d**2 + 18*d - 118. Let a be l(5). Let u = a + -216. What is the remainder when u is divided by 58?
40
Suppose -4*n + d + 86 = -5*d, 50 = 2*n - 2*d. Calculate the remainder when 244 is divided by n.
20
Let u = -6171 + 6305. What is the remainder when 270 is divided by u?
2
Calculate the remainder when 258 - (2 + 3) - (-36)/(-6) is divided by 99.
49
Let t = 13149 - 13135. Calculate the remainder when t is divided by 2.
0
Let s = -31 + 46. Let y(k) = k**2 - 6*k - 8. Let u be y(8). Calculate the remainder when s is divided by (-46)/(-6) - u/(-24).
7
Suppose -24 = -41*p + 35*p. Suppose 3*z = -3*t + 24, -t - 2*t - 5*z + 18 = 0. Calculate the remainder when ((-27)/12)/((-2)/72) + p is divided by t.
8
Let t(n) = -n**2 + 87*n - 850. What is the remainder when t(75) is divided by 38?
12
Let m(y) = -2*y**3 - 17*y**2 + 40*y + 16. Let r = -750 + 737. Calculate the remainder when m(r) is divided by 12.
9
Let s(h) = 5*h**2 - 38*h - 5. Let w = -7 + 60. What is the remainder when w is divided by s(8)?
9
Suppose 33*z + 10642 = 48*z - 128. What is the remainder when z is divided by 200?
118
Suppose 0 = 3*t - 270 + 24. Let m(x) = x**2 + 120*x - 8471. Calculate the remainder when t is divided by m(50).
24
Suppose -195 = -18*w + 104 + 241. What is the remainder when 3477 is divided by w?
27
What is the remainder when (-3)/(75/(-50)*4/114) is divided by 273/9 + (-1)/3?
27
Suppose 0 = -7517*j + 7413*j + 1144. Calculate the remainder when (-63)/(-2) + (-1)/2 is divided by j.
9
Suppose 9*a = -0*a + 9. Let u = a - -242. Calculate the remainder when u is divided by 35.
33
Suppose 4741*k - 4754*k + 429 = -156. Let f(i) = -i**2 + 11*i - 8. What is the remainder when k is divided by f(8)?
13
Suppose -5*f - 4*c + 105 = -40, -5*c = 0. Let u = -7 - -9. Suppose 5 = u*r - 11. Calculate the remainder when f is divided by r.
5
Let x be (-6 + 297/(-36))/((-9)/(-12)). Let l(z) = 31 + 31 + z - 25. What is the remainder when 88 is divided by l(x)?
16
Calculate the remainder when 4828 is divided by (9/42)/(2/14)*46.
67
Suppose -6*o = 12 - 48. Suppose 2*q - 62 - o = d, 2*q - 68 = 2*d. Calculate the remainder when 200 is divided by q.
30
Suppose -11*a + 11*a - 19*a + 2584 = 0. Suppose -2*x = 2*f - 6, -x - 2*f - 3 + 5 = 0. Suppose -x*j - j = -175. Calculate the remainder when a is divided by j.
31
Let k = -455 - -321. Let d = -131 - k. Suppose -4*u = -z - 586, 2*u = -d*u + z + 733. Calculate the remainder when u is divided by 25.
22
Let v(d) = 3*d**2 - 35*d - 24. Let j be v(12). Calculate the remainder when 117 is divided by j/(36/(-75)) + (-4 - 0).
12
Suppose -3*q = -3*z - 1152, -32*q + 2*z = -35*q + 1167. Calculate the remainder when q is divided by 9.
0
Let t = 130 - 132. What is the remainder when 86 is divided by ((-8)/(-32)*t)/(2/(-184))?
40
Let b be 8/12 - -4*(-2)/3. Let u be ((-90)/40)/((-1)/(-8)*b). Suppose u*o - 750 = 4*o. What is the remainder when o is divided by 38?
36
Let g(p) = 510*p - 615. What is the remainder when g(4) is divided by 17?
14
Suppose u - 5*t + 10 = 0, -36 = -2*u - 2*t + 16. Calculate the remainder when 3176 is divided by u.
16
Let f(t) = 4*t + 0 - 4 + 7*t**2 + 8*t + 5*t**3 - 6*t**3. Calculate the remainder when f(8) is divided by -7 - (1 - -1 - 15).
4
Let p(g) = 6*g**2 - 2*g + g**3 + 7*g + 0*g - 4 - 2*g. Let m be p(-5). Suppose -2*q + 6 = n, -m = -2*q + n - 0*n. What is the remainder when 7 is divided by q?
1
Let a be 8/6*(-429)/(-26). Suppose 5*c = -15, 0 = -0*d - d - c + a. Let y = 49 + -2. Calculate the remainder when y is divided by d.
22
Let p(q) = 21*q. Suppose 0 = 3*k - 3*b - 90, -2848*b + 2846*b = 2*k - 88. What is the remainder when k is divided by p(1)?
16
Suppose 5*f - 244 = -94. Suppose 79*o = 81*o - f. Suppose 3*u - 78 = -3*c, -5*u + 0*u + 137 = -2*c. What is the remainder when u is divided by o?
12
Let b = 8 + -3. Suppose 0 = b*d + 3*d - 96. Let k = 70 - 50. What is the remainder when k is divided by d?
8
Suppose -5*g + 226 = u, 504*g + 750 = 4*u + 502*g. Calculate the remainder when 293 is divided by u.
102
Let p be (-3 + 28/12)/(6/(-27)). Suppose p*w - 83 = 208. Let c = -71 + w. What is the remainder when 75 is divided by c?
23
Suppose 5*x - 3160 = 327*h - 331*h, h = 4*x + 769. Calculate the remainder when h is divided by 378.
29
Suppose 0*d + 6 = 2*d. Calculate the remainder when (-1911)/(-78)*(-6)/(-21) is divided by d.
1
What is the remainder when 81 + 99 + (2 - (-8)/2) is divided by 19?
15
Suppose -7 = -q + 11. Suppose 0 = -c - 0*c + q. Suppose 17*f = -16*f + 2310. Calculate the remainder when f is divided by c.
16
What is the remainder when 267 is divided by 152/7*840/160?
39
Suppose -2017*y = -2155*y + 25944. Calculate the remainder when 622 is divided by y.
58
Suppose -429 - 519 = -12*g. Suppose 0 = -3*r + 2*j - 24 + g, -5*r = -2*j - 85. Suppose 4 + r = n. What is the remainder when 244 is divided by n?
16
Suppose -6*m + 7*m + 2837 = r, -5665 = -2*r + 3*m. Calculate the remainder when r is divided by 39.
38
Let r(l) = 14*l**2 - 212*l - 186. What is the remainder when 4701 is divided by r(23)?
13
Suppose m + 2*r + 200 = -0*m, -2*r = -m - 200. Let p = m + 247. Calculate the remainder when 278 is divided by p.
43
Let y(l) be the second derivative of -l**5/20 - 3*l**4/4 + 3*l**3/2 + 2*l**2 + 109*l. What is the remainder when 35 is divided by y(-10)?
7
Suppose -3*n + 205 = 7. Suppose -3*k + k = -22. Let r = k + 7. Calculate the remainder when n is divided by r.
12
Suppose -3*h + 0*h + 354 = 0. Suppose 191*n - 186*n = 10. Suppose 50 = n*d + 4*c, 5*d - 49 - 48 = -3*c. What is the remainder when h is divided by d?
16
Calculate the remainder when 90 is divided by ((-21)/(-2))/((-14)/(-28))*75/45.
20
Suppose f - 5*f + 12*f - 272 = 0. What is the remainder when f is divided by 6?
4
Let t(s) = -s**2 - 106*s - 1426. Calculate the remainder when t(-17) is divided by 18.
15
Let j(g) = -18*g + 1659. What is the remainder when j(36) is divided by 60?
51
Suppose 22 + 66 = 8*w. Let u(k) = 4 + 4*k + 4*k**2 + 8*k - 2 - 5*k**2. Calculate the remainder when 24 is divided by u(w).
11
Suppose -3*n - 560 = -3*h + 226, -4*n - 24 = 0. Calculate the remainder when h is divided by 24.
16
Let f(p) = 15*p + 80. Let w be f(-7). Let c be 45/(-6)*4/(-6). Calculate the remainder when 40 is divided by c/w - 91/(-5).
4
Suppose 3*o + 4*j + 518 = -1374, 3*o + 1